{"id":26,"date":"2015-10-06T23:28:48","date_gmt":"2015-10-06T22:28:48","guid":{"rendered":"http:\/\/www.passage-infranchi.org\/blog\/?page_id=26"},"modified":"2022-09-15T11:10:38","modified_gmt":"2022-09-15T10:10:38","slug":"le-tetrodon-un-projet-phare-pour-2016","status":"publish","type":"page","link":"https:\/\/www.passage-infranchi.org\/blog\/le-tetrodon-un-projet-phare-pour-2016\/","title":{"rendered":"Le T\u00e9trodon, un objet phare et m\u00e9moriel"},"content":{"rendered":"\n<div class=\"wp-container-3 wp-block-columns\">\n<div class=\"wp-container-2 wp-block-column is-vertically-aligned-top\" style=\"flex-basis:100%\">\n<figure class=\"wp-block-embed is-type-wp-embed is-provider-par-ce-passage-infranchi wp-block-embed-par-ce-passage-infranchi\"><div class=\"wp-block-embed__wrapper\">\n<blockquote class=\"wp-embedded-content\" data-secret=\"cAFNlNKvwM\"><a href=\"https:\/\/www.passage-infranchi.org\/\">Par ce passage, infranchi<\/a><\/blockquote><iframe class=\"wp-embedded-content\" sandbox=\"allow-scripts\" security=\"restricted\" style=\"position: absolute; clip: rect(1px, 1px, 1px, 1px);\" title=\"\u00ab\u00a0Par ce passage, infranchi\u00a0\u00bb &#8212; par ce passage infranchi\" src=\"https:\/\/www.passage-infranchi.org\/embed\/#?secret=cAFNlNKvwM\" data-secret=\"cAFNlNKvwM\" width=\"600\" height=\"338\" frameborder=\"0\" marginwidth=\"0\" marginheight=\"0\" scrolling=\"no\"><\/iframe>\n<\/div><\/figure>\n\n\n\n<p style=\"text-align: justify;\"><span style=\"color: #800080;\">Dessin\u00e9 par l\u2019agence AUA : Jacques Berce, Henri Ciriani avec Michel Corajoud, Borja Huidobro, Georges Loiseau, Annie Tribel et Jean Tribel, AUA 1969-1972, dans le cadre d\u2019un Programme d\u2019Architecture Nouvelle (PAN) pour l\u2019am\u00e9nagement touristique de la c\u00f4te d\u2019Aquitaine, le T\u00e9trodon est un habitat de loisir \u00e9conomique en plastique, bas\u00e9 sur une peau en polyester souffl\u00e9 sur une structure m\u00e9tallique de container.<\/span><\/p>\n<p style=\"text-align: justify;\"><span style=\"color: #800080;\">Il a \u00e9t\u00e9 construit et commercialis\u00e9 par la Soci\u00e9t\u00e9 Barbot charpentes m\u00e9talliques de 1972 \u00e0 1976. Le choc p\u00e9trolier mettra fin \u00e0 sa production. Entre ces deux dates il a re\u00e7u diff\u00e9rentes commandes dont celle de Fos-sur-Mer de la part de la Sonacotra afin d&rsquo;accueillir sur des bases-vie les ouvriers du chantier de construction du complexe sid\u00e9rurgique Solmer.<\/span><\/p>\n<hr \/>\n<p><span style=\"color: #800080;\">Avec la Ville de Martigues, l&rsquo;association PCPI propose un <a href=\"https:\/\/www.passage-infranchi.org\/\">programme<\/a> de r\u00e9sidences artistiques dans le T\u00e9trodon, de sensibilisation patrimoniale, et des promenades autour de <br \/>celui-ci. <br \/><\/span><\/p>\n<hr \/>\n<p>D\u00c9CRIRE, RESTAURER.<\/p>\n<p>Le T\u00e9trodon se pr\u00e9sente sous la forme d\u2019un conteneur de trente pieds (913,5 x 243,6 x 258,8cm), \u00e9quip\u00e9 d\u2019un coque sanitaire, d\u2019une coque cuisinette, de trois coques couchage, et de quatre coques rangements, \u00e0 quoi s\u2019ajoutent trois portes \u00e0 jour vitr\u00e9 ainsi que deux panneaux plans : une fen\u00eatre coulissante et un panneau plein.<br data-rich-text-line-break=\"true\" \/>Plancher et plafond sont dans un \u00e9tat m\u00e9diocre, certaines coques sont endommag\u00e9es, dont une perc\u00e9e pour l\u2019installation d\u2019un climatiseur. Un r\u00e9seau de quatre tirants articul\u00e9s sur un poin\u00e7on semble avoir \u00e9t\u00e9 ajout\u00e9 afin de raidir le plancher. L\u2019int\u00e9rieur est passablement d\u00e9fra\u00eechi. Les sanitaires ont leurs \u00e9quipements en \u00e9tat moyen, et les cloisons menuis\u00e9es sont endommag\u00e9es. La cuisinette para\u00eet avoir \u00e9t\u00e9 transform\u00e9e avec un plaque cuisson 4 feux, les portes de placard, et les \u00e9tag\u00e8res sont en mauvais \u00e9tat. Les rangements sont en assez bon \u00e9tat, les portes sont \u00e0 r\u00e9viser. L\u2019\u00e9tat des couchages est passable, sauf pour l\u2019inclusion du climatiseur. Les hublots sont en \u00e9tat divers. Enfin les portes et fen\u00eatres ont \u00e9t\u00e9 doubl\u00e9s de grilles de d\u00e9fense. L\u2019\u00e9lectricit\u00e9, la plomberie sont quasi hors d\u2019usage.<br data-rich-text-line-break=\"true\" \/>En premi\u00e8re approche la restauration pose peu de probl\u00e8me technique, seulement quelques \u00e9nigmes, mais il convient de r\u00e9cup\u00e9rer les documents d\u2019ex\u00e9cution qui existent, de mani\u00e8re \u00e0 retrouver le sens formel de l\u2019ensemble. Cette phase de recherche documentaire est en cours qui rencontre des t\u00e9moignages d\u2019un grand int\u00e9r\u00eat pour l\u2019\u00e9tude philologique de la restauration.<\/p>\n<p><strong data-rich-text-format-boundary=\"true\">Thierry Durousseau<\/strong> architecte. Novembre 2011<\/p>\n<p>\u00a0<\/p>\n<p>Petit historique de sa r\u00e9novation depuis 2011<\/p>\n<p style=\"text-align: left;\">Depuis sa red\u00e9couverte par l&rsquo;architecte Thierry Durousseau en 2011, l\u2019association \u2018par ce passage, infranchi\u2019 s&rsquo;est lanc\u00e9e dans l\u2019aventure de ce T\u00e9trodon de 30pieds de Fos-sur-Mer, certainement le dernier de cette dimension et de cette commande initiale de la Sonacotra <br \/>de 35 de ces objets modulaires pour loger les travailleurs construisant le port autonome en 1972. Une restauration et un projet artistique et culturel afin qu\u2019il puisse revivre et revenir \u00e0 <br \/>sa fonction initiale d\u2019habitat. Dans un premier temps il est transport\u00e9 et stock\u00e9 par la soci\u00e9t\u00e9 Mediaco \u00e0 Fos-sur-Mer. Photographi\u00e9 par Philippe Piron, son existence commence \u00e0 faire parler d\u2019elle. Un an plus tard il est labellis\u00e9 patrimoine XXe si\u00e8cle par la Drac Paca.<\/p>\n<p>En 2014 la soci\u00e9t\u00e9 A-Corros, bas\u00e9 \u00e0 Arles en expertise la structure, l\u2019architecte Olivier Bedu \u00e9tabli un relev\u00e9 pr\u00e9cis des coques, une demande de subvention est d\u00e9pos\u00e9 au Conseil G\u00e9n\u00e9ral des Bouches-du-Rh\u00f4ne qui s\u2019engage \u00e0 hauteur de la moiti\u00e9 des travaux \u00e0 entreprendre.<br \/>La Fondation du Patrimoine soutien l\u2019op\u00e9ration de recherche de financements aupr\u00e8s<br \/>d&rsquo;entreprises et de m\u00e9c\u00e8nes priv\u00e9s et lance une souscription populaire. La communaut\u00e9 de communes offre un terrain afin d\u2019y conduire les travaux et le 30 d\u00e9cembre l\u2019entreprise Arts-transport &amp; services Garrone, bas\u00e9 \u00e0 Martigues, en assure le transfert jusqu&rsquo;\u00e0 cette ancienne base vie construite elle aussi dans ces ann\u00e9es 1970 par l&rsquo;architecte du Port Autonome, Gaston Jaubert.<\/p>\n<p>En 2018, nous r\u00e9unissons une somme qui permet le d\u00e9marrage effectif des travaux de restauration. Grace notamment aux dons et \u00e0 un soutien d\u00e9cisif de la soci\u00e9t\u00e9 Fluxel, la ville de Martigues s&rsquo;engage \u00e0 recevoir l&rsquo;objet \u00e0 l&rsquo;issue de sa r\u00e9novation. La ma\u00eetrise d&rsquo;\u0153uvre est confi\u00e9e \u00e0 l&rsquo;architecte Olivier Bedu.<\/p>\n<p>Octobre 2019, restauration abouti, le T\u00e9trodon est install\u00e9 sur les rives de l&rsquo;\u00c9tang de Berre, le long du GR2013, sur la base de voile municipale et proche du site de Tholon.<\/p>\n<p>Le 12 avril 2021, la ville de Martigues en devient le propri\u00e9taire officiel.<\/p>\n<p>Site de l&rsquo;association : <a href=\"https:\/\/www.passage-infranchi.org\/\">www.passage-infranchi.org<\/a><\/p>\n\n\n\n<div class=\"wp-container-1 wp-block-group alignwide\"><div class=\"wp-block-group__inner-container\">\n<p><em>Intervention de Thierry Durousseau autour du T\u00e9trodon en 2015<\/em> :<\/p>\n<\/div><\/div>\n<\/div>\n<\/div>\n\n\n<p><iframe loading=\"lazy\" scrolling=\"no\" allow=\"autoplay\" src=\"https:\/\/w.soundcloud.com\/player\/?url=https%3A\/\/api.soundcloud.com\/tracks\/233480978&amp;color=%23ff5500&amp;auto_play=false&amp;hide_related=false&amp;show_comments=true&amp;show_user=true&amp;show_reposts=false&amp;show_teaser=true&amp;visual=true\" width=\"100%\" height=\"300\" frameborder=\"no\"><\/iframe><\/p>\n","protected":false},"excerpt":{"rendered":"<p>Dessin\u00e9 par l\u2019agence AUA : Jacques Berce, Henri Ciriani avec Michel Corajoud, Borja Huidobro, Georges Loiseau, Annie Tribel et Jean Tribel, AUA 1969-1972, dans le cadre d\u2019un Programme d\u2019Architecture Nouvelle (PAN) pour l\u2019am\u00e9nagement touristique de la c\u00f4te d\u2019Aquitaine, le T\u00e9trodon est un habitat de loisir \u00e9conomique en plastique, bas\u00e9 sur une peau en polyester souffl\u00e9 &hellip; <a href=\"https:\/\/www.passage-infranchi.org\/blog\/le-tetrodon-un-projet-phare-pour-2016\/\" class=\"more-link\">Continuer la lecture de <span class=\"screen-reader-text\">Le T\u00e9trodon, un objet phare et m\u00e9moriel<\/span> <span class=\"meta-nav\">&rarr;<\/span><\/a><\/p>\n","protected":false},"author":1,"featured_media":0,"parent":0,"menu_order":0,"comment_status":"closed","ping_status":"closed","template":"","meta":[],"_links":{"self":[{"href":"https:\/\/www.passage-infranchi.org\/blog\/wp-json\/wp\/v2\/pages\/26"}],"collection":[{"href":"https:\/\/www.passage-infranchi.org\/blog\/wp-json\/wp\/v2\/pages"}],"about":[{"href":"https:\/\/www.passage-infranchi.org\/blog\/wp-json\/wp\/v2\/types\/page"}],"author":[{"embeddable":true,"href":"https:\/\/www.passage-infranchi.org\/blog\/wp-json\/wp\/v2\/users\/1"}],"replies":[{"embeddable":true,"href":"https:\/\/www.passage-infranchi.org\/blog\/wp-json\/wp\/v2\/comments?post=26"}],"version-history":[{"count":44,"href":"https:\/\/www.passage-infranchi.org\/blog\/wp-json\/wp\/v2\/pages\/26\/revisions"}],"predecessor-version":[{"id":782,"href":"https:\/\/www.passage-infranchi.org\/blog\/wp-json\/wp\/v2\/pages\/26\/revisions\/782"}],"wp:attachment":[{"href":"https:\/\/www.passage-infranchi.org\/blog\/wp-json\/wp\/v2\/media?parent=26"}],"curies":[{"name":"wp","href":"https:\/\/api.w.org\/{rel}","templated":true}]}}